{"id":1273,"date":"2015-10-01T07:19:03","date_gmt":"2015-10-01T06:19:03","guid":{"rendered":"http:\/\/centrala.org.uk\/?post_type=product&#038;p=1273"},"modified":"2015-11-07T07:20:24","modified_gmt":"2015-11-07T07:20:24","slug":"fast-wie-zu-hause","status":"publish","type":"product","link":"https:\/\/centrala.org.uk\/centrala_test\/product\/fast-wie-zu-hause\/","title":{"rendered":"Fast wie zu Hause"},"content":{"rendered":"<p>Karolina ist zwar in Deutschland geboren und aufgewachsen, ihre Wurzeln liegen aber in Polen. Welche Bedeutung hat es f\u00fcr sie, eine Polin oder eine Deutsche zu sein? Und muss sie sich \u00fcberhaupt entscheiden, obwohl sie doch aus beiden L\u00e4ndern stammt?\u2028Mit einem Auslandssemester begibt sich die Kunststudentin auf die Suche nach der eigenen Identit\u00e4t. Ihre Reise f\u00fchrt sie nach Krakau &#8211; die Stadt, in der auch schon ihre Mutter die ersten Jugendjahre verbrachte. Karolina begibt sich auf ihre Spuren, und Vergangenheit und Gegenwart beginnen, sich miteinander zu verweben&#8230;<br \/>\nMit viel Witz und Charme erz\u00e4hlt Karolina Chyzewska in ihrem Deb\u00fct von ihrer Herkunft und zeigt, dass Identit\u00e4t, unabh\u00e4ngig von jeglicher Nationalit\u00e4t, die Familie selbst ist.&#8221;<\/p>\n<div id='gallery-1' class='gallery galleryid-1273 gallery-columns-3 gallery-size-thumbnail'><figure class='gallery-item'>\n\t\t\t<div class='gallery-icon portrait'>\n\t\t\t\t<a href='https:\/\/centrala.org.uk\/centrala_test\/?attachment_id=1275'><img loading=\"lazy\" decoding=\"async\" width=\"210\" height=\"299\" src=\"https:\/\/centrala.org.uk\/centrala_test\/wp-content\/uploads\/2015\/11\/Powrocisz_tu01-210x299.jpg\" class=\"attachment-thumbnail size-thumbnail\" alt=\"\" srcset=\"https:\/\/centrala.org.uk\/centrala_test\/wp-content\/uploads\/2015\/11\/Powrocisz_tu01-210x299.jpg 210w, https:\/\/centrala.org.uk\/centrala_test\/wp-content\/uploads\/2015\/11\/Powrocisz_tu01.jpg 468w\" sizes=\"auto, (max-width: 210px) 100vw, 210px\" \/><\/a>\n\t\t\t<\/div><\/figure><figure class='gallery-item'>\n\t\t\t<div class='gallery-icon portrait'>\n\t\t\t\t<a href='https:\/\/centrala.org.uk\/centrala_test\/?attachment_id=1276'><img loading=\"lazy\" decoding=\"async\" width=\"210\" height=\"299\" src=\"https:\/\/centrala.org.uk\/centrala_test\/wp-content\/uploads\/2015\/11\/Powrocisz_tu02-210x299.jpg\" class=\"attachment-thumbnail size-thumbnail\" alt=\"\" srcset=\"https:\/\/centrala.org.uk\/centrala_test\/wp-content\/uploads\/2015\/11\/Powrocisz_tu02-210x299.jpg 210w, https:\/\/centrala.org.uk\/centrala_test\/wp-content\/uploads\/2015\/11\/Powrocisz_tu02.jpg 468w\" sizes=\"auto, (max-width: 210px) 100vw, 210px\" \/><\/a>\n\t\t\t<\/div><\/figure><figure class='gallery-item'>\n\t\t\t<div class='gallery-icon portrait'>\n\t\t\t\t<a href='https:\/\/centrala.org.uk\/centrala_test\/?attachment_id=1277'><img loading=\"lazy\" decoding=\"async\" width=\"210\" height=\"299\" src=\"https:\/\/centrala.org.uk\/centrala_test\/wp-content\/uploads\/2015\/11\/Powrocisz_tu03-210x299.jpg\" class=\"attachment-thumbnail size-thumbnail\" alt=\"\" srcset=\"https:\/\/centrala.org.uk\/centrala_test\/wp-content\/uploads\/2015\/11\/Powrocisz_tu03-210x299.jpg 210w, https:\/\/centrala.org.uk\/centrala_test\/wp-content\/uploads\/2015\/11\/Powrocisz_tu03.jpg 468w\" sizes=\"auto, (max-width: 210px) 100vw, 210px\" \/><\/a>\n\t\t\t<\/div><\/figure>\n\t\t<\/div>\n\n<p>Die in Deutschland aufgewachsene Karolina verbringt ein Auslandssemester im polnischen Krakau. Endlich kann die Kunststudentin das Land ihrer Eltern aus erster Hand kennen lernen. Neben ihren Erlebnissen in der Weichselstadt schildert sie in R\u00fcckblenden die Geschichte ihrer Mutter und deren Streben nach einem eigenen Leben, das sie letztlich nach Deutschland f\u00fchrte. Und w\u00e4hrend ihre Mutter ihre Heimat immer im Herzen tr\u00e4gt, wird Karolina von der Frage nach der eigenen Identit\u00e4t begleitet, ob sie sich als Polin oder Deutsche versteht.<\/p>\n<p>P\u00fcnktlich zum Neujahr 1986 entschied sich Karolina Chyzewska, dieser Welt entgegenzutreten. Geboren und aufgewachsen im sch\u00f6nen G\u00f6ttingen, f\u00fchlte sie sich in ihrer polnischen Familie geborgen. Nach der Schule ging sie zum Studium an die Kunsthochschule Kassel, wo sie sich auf die Bereiche Comic und Trickflm spezialisierte. 2012 studierte sie f\u00fcr ein halbes Jahr an der Akademie der Sch\u00f6nen K\u00fcnste in Krakau, Polen, um ihre F\u00e4higkeiten zu verbessern. Nach ihrer R\u00fcckkehr hatte sie diverse Ausstellungen und kleine Publikationen mit ihrem Kollektiv \u201eDie Goldene Discofaust\u201c und machte ihren k\u00fcnstlerischen Abschluss. Nach ihrem Studium entschloss sie sich f\u00fcr den n\u00e4chsten wichtigen Schritt ihres k\u00fcnstlerischen Daseins, und ging nach Berlin. Dort arbeitet und lebt sie als freiberufiche Comiczeichnerin und Trickflmerin.<br \/>\nKarolina ver\u00f6ffentlichte ihre Arbeiten bereits in den Magazinen Strapazin und Triebwerk (Max und Moritz-Preis f\u00fcr die beste studentische Comicpublikation) und wurde f\u00fcr den Comic &#8220;Come with me&#8221; mit einer &#8220;Honorable Mention&#8221; bei der Comics Workbook Composition Competition 2014 ausgezeichnet.<\/p>\n","protected":false},"excerpt":{"rendered":"<p>Mit viel Witz und Charme erz\u00e4hlt Karolina Chyzewska in ihrem Deb\u00fct von ihrer Herkunft und zeigt, dass Identit\u00e4t, unabh\u00e4ngig von jeglicher Nationalit\u00e4t, die Familie selbst ist.&#8221;<\/p>\n","protected":false},"featured_media":1274,"comment_status":"open","ping_status":"closed","template":"","meta":{"_acf_changed":false},"product_brand":[],"product_cat":[22],"product_tag":[15,120,121,122],"series":[],"class_list":{"0":"post-1273","1":"product","2":"type-product","3":"status-publish","4":"has-post-thumbnail","6":"product_cat-comics-and-graphic-novels","7":"product_tag-centrala","8":"product_tag-german","9":"product_tag-karolina-chyzewska","10":"product_tag-krakow","12":"first","13":"instock","14":"shipping-taxable","15":"purchasable","16":"product-type-simple"},"acf":[],"_links":{"self":[{"href":"https:\/\/centrala.org.uk\/centrala_test\/wp-json\/wp\/v2\/product\/1273","targetHints":{"allow":["GET"]}}],"collection":[{"href":"https:\/\/centrala.org.uk\/centrala_test\/wp-json\/wp\/v2\/product"}],"about":[{"href":"https:\/\/centrala.org.uk\/centrala_test\/wp-json\/wp\/v2\/types\/product"}],"replies":[{"embeddable":true,"href":"https:\/\/centrala.org.uk\/centrala_test\/wp-json\/wp\/v2\/comments?post=1273"}],"wp:featuredmedia":[{"embeddable":true,"href":"https:\/\/centrala.org.uk\/centrala_test\/wp-json\/wp\/v2\/media\/1274"}],"wp:attachment":[{"href":"https:\/\/centrala.org.uk\/centrala_test\/wp-json\/wp\/v2\/media?parent=1273"}],"wp:term":[{"taxonomy":"product_brand","embeddable":true,"href":"https:\/\/centrala.org.uk\/centrala_test\/wp-json\/wp\/v2\/product_brand?post=1273"},{"taxonomy":"product_cat","embeddable":true,"href":"https:\/\/centrala.org.uk\/centrala_test\/wp-json\/wp\/v2\/product_cat?post=1273"},{"taxonomy":"product_tag","embeddable":true,"href":"https:\/\/centrala.org.uk\/centrala_test\/wp-json\/wp\/v2\/product_tag?post=1273"},{"taxonomy":"series","embeddable":true,"href":"https:\/\/centrala.org.uk\/centrala_test\/wp-json\/wp\/v2\/series?post=1273"}],"curies":[{"name":"wp","href":"https:\/\/api.w.org\/{rel}","templated":true}]}}