{"id":3387,"date":"2020-12-15T10:39:47","date_gmt":"2020-12-15T10:39:47","guid":{"rendered":"http:\/\/centrala.org.uk\/?post_type=product&#038;p=3387"},"modified":"2020-12-15T10:41:49","modified_gmt":"2020-12-15T10:41:49","slug":"amazing-athletes-50-remarkable-athletes-of-history","status":"publish","type":"product","link":"https:\/\/centrala.org.uk\/centrala_test\/product\/amazing-athletes-50-remarkable-athletes-of-history\/","title":{"rendered":"Amazing Athletes. 50 Remarkable Athletes of History"},"content":{"rendered":"<div id='gallery-1' class='gallery galleryid-3387 gallery-columns-3 gallery-size-thumbnail'><figure class='gallery-item'>\n\t\t\t<div class='gallery-icon landscape'>\n\t\t\t\t<a href='https:\/\/centrala.org.uk\/centrala_test\/?attachment_id=3392'><img loading=\"lazy\" decoding=\"async\" width=\"210\" height=\"133\" src=\"https:\/\/centrala.org.uk\/centrala_test\/wp-content\/uploads\/2020\/12\/athletes4screen-210x133.png\" class=\"attachment-thumbnail size-thumbnail\" alt=\"\" srcset=\"https:\/\/centrala.org.uk\/centrala_test\/wp-content\/uploads\/2020\/12\/athletes4screen-210x133.png 210w, https:\/\/centrala.org.uk\/centrala_test\/wp-content\/uploads\/2020\/12\/athletes4screen-640x406.png 640w, https:\/\/centrala.org.uk\/centrala_test\/wp-content\/uploads\/2020\/12\/athletes4screen-768x487.png 768w, https:\/\/centrala.org.uk\/centrala_test\/wp-content\/uploads\/2020\/12\/athletes4screen-480x305.png 480w, https:\/\/centrala.org.uk\/centrala_test\/wp-content\/uploads\/2020\/12\/athletes4screen.png 1097w\" sizes=\"auto, (max-width: 210px) 100vw, 210px\" \/><\/a>\n\t\t\t<\/div><\/figure><figure class='gallery-item'>\n\t\t\t<div class='gallery-icon landscape'>\n\t\t\t\t<a href='https:\/\/centrala.org.uk\/centrala_test\/?attachment_id=3391'><img loading=\"lazy\" decoding=\"async\" width=\"210\" height=\"135\" src=\"https:\/\/centrala.org.uk\/centrala_test\/wp-content\/uploads\/2020\/12\/athletes3screen-210x135.png\" class=\"attachment-thumbnail size-thumbnail\" alt=\"\" srcset=\"https:\/\/centrala.org.uk\/centrala_test\/wp-content\/uploads\/2020\/12\/athletes3screen-210x135.png 210w, https:\/\/centrala.org.uk\/centrala_test\/wp-content\/uploads\/2020\/12\/athletes3screen-640x411.png 640w, https:\/\/centrala.org.uk\/centrala_test\/wp-content\/uploads\/2020\/12\/athletes3screen-768x493.png 768w, https:\/\/centrala.org.uk\/centrala_test\/wp-content\/uploads\/2020\/12\/athletes3screen-480x308.png 480w, https:\/\/centrala.org.uk\/centrala_test\/wp-content\/uploads\/2020\/12\/athletes3screen.png 1101w\" sizes=\"auto, (max-width: 210px) 100vw, 210px\" \/><\/a>\n\t\t\t<\/div><\/figure><figure class='gallery-item'>\n\t\t\t<div class='gallery-icon landscape'>\n\t\t\t\t<a href='https:\/\/centrala.org.uk\/centrala_test\/?attachment_id=3390'><img loading=\"lazy\" decoding=\"async\" width=\"210\" height=\"135\" src=\"https:\/\/centrala.org.uk\/centrala_test\/wp-content\/uploads\/2020\/12\/athletes2screen-210x135.png\" class=\"attachment-thumbnail size-thumbnail\" alt=\"\" srcset=\"https:\/\/centrala.org.uk\/centrala_test\/wp-content\/uploads\/2020\/12\/athletes2screen-210x135.png 210w, https:\/\/centrala.org.uk\/centrala_test\/wp-content\/uploads\/2020\/12\/athletes2screen-640x411.png 640w, https:\/\/centrala.org.uk\/centrala_test\/wp-content\/uploads\/2020\/12\/athletes2screen-768x493.png 768w, https:\/\/centrala.org.uk\/centrala_test\/wp-content\/uploads\/2020\/12\/athletes2screen-480x308.png 480w, https:\/\/centrala.org.uk\/centrala_test\/wp-content\/uploads\/2020\/12\/athletes2screen.png 1102w\" sizes=\"auto, (max-width: 210px) 100vw, 210px\" \/><\/a>\n\t\t\t<\/div><\/figure><figure class='gallery-item'>\n\t\t\t<div class='gallery-icon landscape'>\n\t\t\t\t<a href='https:\/\/centrala.org.uk\/centrala_test\/?attachment_id=3389'><img loading=\"lazy\" decoding=\"async\" width=\"210\" height=\"135\" src=\"https:\/\/centrala.org.uk\/centrala_test\/wp-content\/uploads\/2020\/12\/athletes1screen-210x135.png\" class=\"attachment-thumbnail size-thumbnail\" alt=\"\" srcset=\"https:\/\/centrala.org.uk\/centrala_test\/wp-content\/uploads\/2020\/12\/athletes1screen-210x135.png 210w, https:\/\/centrala.org.uk\/centrala_test\/wp-content\/uploads\/2020\/12\/athletes1screen-640x413.png 640w, https:\/\/centrala.org.uk\/centrala_test\/wp-content\/uploads\/2020\/12\/athletes1screen-768x495.png 768w, https:\/\/centrala.org.uk\/centrala_test\/wp-content\/uploads\/2020\/12\/athletes1screen-480x310.png 480w, https:\/\/centrala.org.uk\/centrala_test\/wp-content\/uploads\/2020\/12\/athletes1screen.png 1104w\" sizes=\"auto, (max-width: 210px) 100vw, 210px\" \/><\/a>\n\t\t\t<\/div><\/figure>\n\t\t<\/div>\n\n<p class=\"p1\"><span class=\"s1\">Ready&#8230; Steady&#8230; Go!!! And we&#8217;re off. 50 amazing Athletes pushing their minds and bodies in the great competition of sports. Who will win the medal and who will win the hearts? On the way through the ages, the reader discovers what real sportsmanship is made off. Whether the athletes stick out through their godlike physical ability or their incredible willpower, all of them have one thing in common: The courage to go a step beyond the finish line.<\/span><\/p>\n<p class=\"p1\"><span class=\"s1\">Till Lukat was born on Valentine&#8217;s day 1991 in Berlin, Germany. After living in Portugal for a year he has now moved back to Berlin, Germany where he lives in a Camper van in which he thankfully doesn&#8217;t have to work anymore after renting a separate studio space. He has studied Illustration and Visual Communication at the University of Arts in Berlin and at the University of the West of England in Bristol. He finished his studies in 2015 with a Bachelor&#8217;s degree. Since then he has published two books, which have been translated into four languages, won the Ligatura Pitching, appeared in Publications such as Stripburger, Ku\u0161!, Off Life and Schn\u00f6sel M\u00f6sel, Published a webcomic on <a href=\"http:\/\/electrocomics.de\/\"><span class=\"s2\">electrocomics.de<\/span><\/a> and had an exhibition at the Fumetto International comix-festival, Luzern in 2016. <a href=\"http:\/\/yandex.ru\">\u044f\u043d\u0434\u0435\u043a\u0441<\/a><\/span><\/p>\n<p>Check another book by Till Lukat. <a href=\"https:\/\/centrala.org.uk\/shop\/tuff-ladies\/\">Tuff Ladies. 50 Remarkable Woman of History<\/a>.<\/p>\n","protected":false},"excerpt":{"rendered":"<p>A unique comic book on sports and it&#8217;s most outstanding characters.<\/p>\n","protected":false},"featured_media":3388,"comment_status":"open","ping_status":"closed","template":"","meta":{"_acf_changed":false},"product_brand":[],"product_cat":[22,43],"product_tag":[510,97,223,509,65,201],"series":[580],"class_list":{"0":"post-3387","1":"product","2":"type-product","3":"status-publish","4":"has-post-thumbnail","6":"product_cat-comics-and-graphic-novels","7":"product_cat-illustration-books","8":"product_tag-culture","9":"product_tag-history","10":"product_tag-series-life","11":"product_tag-society","12":"product_tag-sport","13":"product_tag-till-lukat","14":"series-life","16":"first","17":"instock","18":"shipping-taxable","19":"purchasable","20":"product-type-simple"},"acf":[],"_links":{"self":[{"href":"https:\/\/centrala.org.uk\/centrala_test\/wp-json\/wp\/v2\/product\/3387","targetHints":{"allow":["GET"]}}],"collection":[{"href":"https:\/\/centrala.org.uk\/centrala_test\/wp-json\/wp\/v2\/product"}],"about":[{"href":"https:\/\/centrala.org.uk\/centrala_test\/wp-json\/wp\/v2\/types\/product"}],"replies":[{"embeddable":true,"href":"https:\/\/centrala.org.uk\/centrala_test\/wp-json\/wp\/v2\/comments?post=3387"}],"wp:featuredmedia":[{"embeddable":true,"href":"https:\/\/centrala.org.uk\/centrala_test\/wp-json\/wp\/v2\/media\/3388"}],"wp:attachment":[{"href":"https:\/\/centrala.org.uk\/centrala_test\/wp-json\/wp\/v2\/media?parent=3387"}],"wp:term":[{"taxonomy":"product_brand","embeddable":true,"href":"https:\/\/centrala.org.uk\/centrala_test\/wp-json\/wp\/v2\/product_brand?post=3387"},{"taxonomy":"product_cat","embeddable":true,"href":"https:\/\/centrala.org.uk\/centrala_test\/wp-json\/wp\/v2\/product_cat?post=3387"},{"taxonomy":"product_tag","embeddable":true,"href":"https:\/\/centrala.org.uk\/centrala_test\/wp-json\/wp\/v2\/product_tag?post=3387"},{"taxonomy":"series","embeddable":true,"href":"https:\/\/centrala.org.uk\/centrala_test\/wp-json\/wp\/v2\/series?post=3387"}],"curies":[{"name":"wp","href":"https:\/\/api.w.org\/{rel}","templated":true}]}}