{"id":406,"date":"2013-06-19T14:21:46","date_gmt":"2013-06-19T13:21:46","guid":{"rendered":"http:\/\/centrala.org.uk\/?post_type=product&#038;p=406"},"modified":"2015-01-04T23:38:43","modified_gmt":"2015-01-04T23:38:43","slug":"baltic-comic-magazine-s-8-midnight-sun","status":"publish","type":"product","link":"https:\/\/centrala.org.uk\/centrala_test\/product\/baltic-comic-magazine-s-8-midnight-sun\/","title":{"rendered":"Baltic Comic Magazine \u0161! #8 Midnight Sun"},"content":{"rendered":"<p><strong>Cover:<\/strong> Roope Eronen &amp; Amanda V\u00e4h\u00e4m\u00e4ki<br \/>\n<strong>Artists:<\/strong> Aino Sutinen, Amanda V\u00e4h\u00e4m\u00e4ki, Anna Sailamaa, Evan Androutsopoulos, Henrik Duncker, Jaakko Pallasvuo, Jari Vaara, Jarno Latva-Nikkola, Jyrki Heikkinen, Karri Laitinen, Katja Tukiainen, Katri Sipil\u00e4inen, Kuningas L\u00fc. Q., Mari Ahokoivu, Marko Turunen, Mikko Luostarinen, Mikko V\u00e4yrynen, Roope Eronen and Tommi Musturi<\/p>\n<p>With a text about the Finnish scene by Ville H\u00e4nninen.<\/p>\n<div id='gallery-1' class='gallery galleryid-406 gallery-columns-3 gallery-size-thumbnail'><figure class='gallery-item'>\n\t\t\t<div class='gallery-icon portrait'>\n\t\t\t\t<a href='https:\/\/centrala.org.uk\/centrala_test\/?attachment_id=408'><img loading=\"lazy\" decoding=\"async\" width=\"210\" height=\"295\" src=\"https:\/\/centrala.org.uk\/centrala_test\/wp-content\/uploads\/2014\/06\/S8inside1-210x295.jpg\" class=\"attachment-thumbnail size-thumbnail\" alt=\"\" srcset=\"https:\/\/centrala.org.uk\/centrala_test\/wp-content\/uploads\/2014\/06\/S8inside1-210x295.jpg 210w, https:\/\/centrala.org.uk\/centrala_test\/wp-content\/uploads\/2014\/06\/S8inside1-480x676.jpg 480w, https:\/\/centrala.org.uk\/centrala_test\/wp-content\/uploads\/2014\/06\/S8inside1.jpg 606w\" sizes=\"auto, (max-width: 210px) 100vw, 210px\" \/><\/a>\n\t\t\t<\/div><\/figure><figure class='gallery-item'>\n\t\t\t<div class='gallery-icon portrait'>\n\t\t\t\t<a href='https:\/\/centrala.org.uk\/centrala_test\/?attachment_id=409'><img loading=\"lazy\" decoding=\"async\" width=\"210\" height=\"295\" src=\"https:\/\/centrala.org.uk\/centrala_test\/wp-content\/uploads\/2014\/06\/S8inside2-210x295.jpg\" class=\"attachment-thumbnail size-thumbnail\" alt=\"\" srcset=\"https:\/\/centrala.org.uk\/centrala_test\/wp-content\/uploads\/2014\/06\/S8inside2-210x295.jpg 210w, https:\/\/centrala.org.uk\/centrala_test\/wp-content\/uploads\/2014\/06\/S8inside2-480x676.jpg 480w, https:\/\/centrala.org.uk\/centrala_test\/wp-content\/uploads\/2014\/06\/S8inside2.jpg 497w\" sizes=\"auto, (max-width: 210px) 100vw, 210px\" \/><\/a>\n\t\t\t<\/div><\/figure><figure class='gallery-item'>\n\t\t\t<div class='gallery-icon portrait'>\n\t\t\t\t<a href='https:\/\/centrala.org.uk\/centrala_test\/?attachment_id=410'><img loading=\"lazy\" decoding=\"async\" width=\"210\" height=\"314\" src=\"https:\/\/centrala.org.uk\/centrala_test\/wp-content\/uploads\/2014\/06\/S8inside3-210x314.jpg\" class=\"attachment-thumbnail size-thumbnail\" alt=\"\" srcset=\"https:\/\/centrala.org.uk\/centrala_test\/wp-content\/uploads\/2014\/06\/S8inside3-210x314.jpg 210w, https:\/\/centrala.org.uk\/centrala_test\/wp-content\/uploads\/2014\/06\/S8inside3.jpg 468w\" sizes=\"auto, (max-width: 210px) 100vw, 210px\" \/><\/a>\n\t\t\t<\/div><\/figure>\n\t\t<\/div>\n\n","protected":false},"excerpt":{"rendered":"<p>\u0161! #8 contains comics from Finnish cartoonists about the theme &#8220;Midnight Sun&#8221;.<\/p>\n","protected":false},"featured_media":407,"comment_status":"open","ping_status":"closed","template":"","meta":{"_acf_changed":false},"product_brand":[],"product_cat":[22],"product_tag":[60],"series":[],"class_list":{"0":"post-406","1":"product","2":"type-product","3":"status-publish","4":"has-post-thumbnail","6":"product_cat-comics-and-graphic-novels","7":"product_tag-finland","9":"first","10":"outofstock","11":"shipping-taxable","12":"purchasable","13":"product-type-simple"},"acf":[],"_links":{"self":[{"href":"https:\/\/centrala.org.uk\/centrala_test\/wp-json\/wp\/v2\/product\/406","targetHints":{"allow":["GET"]}}],"collection":[{"href":"https:\/\/centrala.org.uk\/centrala_test\/wp-json\/wp\/v2\/product"}],"about":[{"href":"https:\/\/centrala.org.uk\/centrala_test\/wp-json\/wp\/v2\/types\/product"}],"replies":[{"embeddable":true,"href":"https:\/\/centrala.org.uk\/centrala_test\/wp-json\/wp\/v2\/comments?post=406"}],"wp:featuredmedia":[{"embeddable":true,"href":"https:\/\/centrala.org.uk\/centrala_test\/wp-json\/wp\/v2\/media\/407"}],"wp:attachment":[{"href":"https:\/\/centrala.org.uk\/centrala_test\/wp-json\/wp\/v2\/media?parent=406"}],"wp:term":[{"taxonomy":"product_brand","embeddable":true,"href":"https:\/\/centrala.org.uk\/centrala_test\/wp-json\/wp\/v2\/product_brand?post=406"},{"taxonomy":"product_cat","embeddable":true,"href":"https:\/\/centrala.org.uk\/centrala_test\/wp-json\/wp\/v2\/product_cat?post=406"},{"taxonomy":"product_tag","embeddable":true,"href":"https:\/\/centrala.org.uk\/centrala_test\/wp-json\/wp\/v2\/product_tag?post=406"},{"taxonomy":"series","embeddable":true,"href":"https:\/\/centrala.org.uk\/centrala_test\/wp-json\/wp\/v2\/series?post=406"}],"curies":[{"name":"wp","href":"https:\/\/api.w.org\/{rel}","templated":true}]}}