{"id":980,"date":"2015-07-08T13:53:42","date_gmt":"2015-07-08T12:53:42","guid":{"rendered":"http:\/\/centrala.org.uk\/?post_type=product&#038;p=980"},"modified":"2018-02-07T16:33:28","modified_gmt":"2018-02-07T16:33:28","slug":"comics-cookbook","status":"publish","type":"product","link":"https:\/\/centrala.org.uk\/centrala_test\/product\/comics-cookbook\/","title":{"rendered":"Comics Cookbook"},"content":{"rendered":"<div id='gallery-1' class='gallery galleryid-980 gallery-columns-3 gallery-size-thumbnail'><figure class='gallery-item'>\n\t\t\t<div class='gallery-icon portrait'>\n\t\t\t\t<a href='https:\/\/centrala.org.uk\/centrala_test\/?attachment_id=982'><img loading=\"lazy\" decoding=\"async\" width=\"210\" height=\"299\" src=\"https:\/\/centrala.org.uk\/centrala_test\/wp-content\/uploads\/2015\/07\/AgaSwietekApplePie-210x299.png\" class=\"attachment-thumbnail size-thumbnail\" alt=\"\" aria-describedby=\"gallery-1-982\" srcset=\"https:\/\/centrala.org.uk\/centrala_test\/wp-content\/uploads\/2015\/07\/AgaSwietekApplePie-210x299.png 210w, https:\/\/centrala.org.uk\/centrala_test\/wp-content\/uploads\/2015\/07\/AgaSwietekApplePie-480x683.png 480w, https:\/\/centrala.org.uk\/centrala_test\/wp-content\/uploads\/2015\/07\/AgaSwietekApplePie.png 568w\" sizes=\"auto, (max-width: 210px) 100vw, 210px\" \/><\/a>\n\t\t\t<\/div>\n\t\t\t\t<figcaption class='wp-caption-text gallery-caption' id='gallery-1-982'>\n\t\t\t\tAga \u015awi\u0119tek Apple Pie\n\t\t\t\t<\/figcaption><\/figure><figure class='gallery-item'>\n\t\t\t<div class='gallery-icon portrait'>\n\t\t\t\t<a href='https:\/\/centrala.org.uk\/centrala_test\/?attachment_id=983'><img loading=\"lazy\" decoding=\"async\" width=\"210\" height=\"299\" src=\"https:\/\/centrala.org.uk\/centrala_test\/wp-content\/uploads\/2015\/07\/Karina-Tungari_comicrezept-210x299.png\" class=\"attachment-thumbnail size-thumbnail\" alt=\"\" srcset=\"https:\/\/centrala.org.uk\/centrala_test\/wp-content\/uploads\/2015\/07\/Karina-Tungari_comicrezept-210x299.png 210w, https:\/\/centrala.org.uk\/centrala_test\/wp-content\/uploads\/2015\/07\/Karina-Tungari_comicrezept-480x683.png 480w, https:\/\/centrala.org.uk\/centrala_test\/wp-content\/uploads\/2015\/07\/Karina-Tungari_comicrezept.png 565w\" sizes=\"auto, (max-width: 210px) 100vw, 210px\" \/><\/a>\n\t\t\t<\/div><\/figure><figure class='gallery-item'>\n\t\t\t<div class='gallery-icon portrait'>\n\t\t\t\t<a href='https:\/\/centrala.org.uk\/centrala_test\/?attachment_id=984'><img loading=\"lazy\" decoding=\"async\" width=\"210\" height=\"297\" src=\"https:\/\/centrala.org.uk\/centrala_test\/wp-content\/uploads\/2015\/07\/belgianwaffles.jpg\" class=\"attachment-thumbnail size-thumbnail\" alt=\"\" srcset=\"https:\/\/centrala.org.uk\/centrala_test\/wp-content\/uploads\/2015\/07\/belgianwaffles.jpg 876w, https:\/\/centrala.org.uk\/centrala_test\/wp-content\/uploads\/2015\/07\/belgianwaffles-640x905.jpg 640w, https:\/\/centrala.org.uk\/centrala_test\/wp-content\/uploads\/2015\/07\/belgianwaffles-635x900.jpg 635w, https:\/\/centrala.org.uk\/centrala_test\/wp-content\/uploads\/2015\/07\/belgianwaffles-210x297.jpg 210w, https:\/\/centrala.org.uk\/centrala_test\/wp-content\/uploads\/2015\/07\/belgianwaffles-480x679.jpg 480w\" sizes=\"auto, (max-width: 210px) 100vw, 210px\" \/><\/a>\n\t\t\t<\/div><\/figure>\n\t\t<\/div>\n\n<p class=\"p1\">Over 120 works where received for Comic Cookbook competition during 6th international comics culture festival Ligatura, Pozna\u0144, Poland.<\/p>\n<p class=\"p1\">The anthology includes 93 works by artists from Australia, Austria, Argentina\u00a0 Sweden, Belgium, Bulgaria, Czech Republic, Denmark, Finland,\u00a0 Germany, Japan, Norway, Poland, Slovakia, Switzerland, UK, USA.<\/p>\n<p>Contents<br \/>\n<strong>APPETISERS<\/strong><br \/>\nPatrycja Bo\u0142zan, <em>Fluffy French Toast<\/em><br \/>\nJudith Bungert, <em>Stinging Nettle Pesto<\/em><br \/>\nArinda Craciun, <em>Pickles<\/em><br \/>\nAlan Gajewski, <em>Sandwich for the Lazy<\/em><br \/>\nB\u0142a\u017cej Kurowski, <em>Guacamole<\/em><br \/>\nBasia \u0141ukasik, <em>Hummus<\/em><br \/>\n\u0141ukasz Pawlak, <em>Tofu Scramble<\/em><br \/>\nAgata Plank-Wcis\u0142owska, <em>The Best Sandwich<\/em><br \/>\nDaria Solak, <em>Pesto Genovese<\/em><br \/>\nKatarzyna Szauli\u0144ska, <em>Patriot Sandwitch<\/em><\/p>\n<p><strong>SALADS<\/strong><br \/>\nDoreen Borsutzki, <em>Waremer Nudelsalat<\/em><br \/>\nKevin Eder, <em>Tomato Banana Salad<\/em><br \/>\nJonathan Kr\u00f6ll, <em>Watermelon, Green Olive, and Pistachio Salad<\/em><br \/>\nKarolina Pielarz, <em>Need-Make<\/em><br \/>\nPaulina Skowron, <em>Vegetable Salad<\/em><\/p>\n<p><strong>SOUPS<\/strong><br \/>\nMathias Barth, <em>Sopa de Caracol<\/em><br \/>\nBlue Bell-Bhuiyan, <em>Carrot and Garlic Soup<\/em><br \/>\nRichy K. Chandler, <em>Breakfast Soup<\/em><br \/>\nIzabela Dudzik, <em>Salmon Soup<\/em><br \/>\nBarbara Dziadosz, <em>Chicken Broth<\/em><br \/>\nMelanie Gandyra, <em>Indian Pumpkinsoup<\/em><br \/>\nVasilena Harizanova, <em>Tarator<\/em><br \/>\nJakub Jankowski, Antoni Serkowski, <em>Special Recipe for \u017bur<\/em><br \/>\nIna Korneliussen, <em>Tomato Soup<\/em><br \/>\nAnna Krzto\u0144, <em>Mexican Spicy Soup (Vegan)<\/em><br \/>\nMichal L\u00f6wy, <em>Strong Chicken Soup<\/em><br \/>\nKatarzyna Miniewicz, <em>Old Polish Cookbook\u2019s Heroes<\/em><br \/>\nVerena Muckel, <em>Finnish Soup with Salmon<\/em><br \/>\nKatarzyna Urbaniak, <em>Chicken Broth<\/em><\/p>\n<p><strong>MAIN COURSE<\/strong><br \/>\nNatalya Balnova, <em>Shrimp and Basil Pasta<\/em><br \/>\nJulia Beutling, <em>Hearty Pancakes Made Vegan<\/em><br \/>\nMirjam Brodersen, <em>Saffron-Spaghetti with Zucchini<\/em><br \/>\nBarbara Dziadosz, <em>Paella<\/em><br \/>\nFraet Comicpopart, <em>Grilled Rattlesnake<\/em><br \/>\nHarukichi, <em>Dj Cat Gosshie in KKK<\/em><br \/>\nHannah Lee Miller, <em>Buffalo Wings<\/em><br \/>\nNicholas Miller, <em>Hai Xian Zhou<\/em><br \/>\nNicholas Miller, <em>Frittata (Italian Style Omelette)<\/em><br \/>\nNicholas Miller, <em>Spaghetti All\u2019 Amatriciana<\/em><br \/>\nZuzana Mulickova, <em>Cottage Cheese Fruit Dumplings<\/em><br \/>\nEva Plaputta, <em>Sweet Potato Cannelloni<\/em><br \/>\nPaul Shinn, <em>Okonomiyak<\/em><br \/>\nPaulina Skowron, <em>Cod<\/em><br \/>\nDaria Solak, <em>Al Ragu<\/em><br \/>\nKarina Tungari, <em>Crazy Rice<\/em><br \/>\nAndrzej Wieteszka, <em>Arrabbiata \/ No Chefs! No Justice!<\/em><br \/>\nNikolay Yalnazov, <em>Stuffed Peppers<\/em><br \/>\nYang Yunhee, <em>Flexible Bulgogi<\/em><br \/>\nJohanna Zabojnik-Ihla, <em>Red Beet Wrap With Salad<\/em><\/p>\n<p><strong>SIDE DISHES<\/strong><br \/>\nConori Bell-Bhuiyan, <em>Aubergine and Chickpea Curry<\/em><br \/>\nMaren Endler, <em>Caramelized Carrots with Almonds<\/em><br \/>\nMarie-Pascale Gafinen, <em>All Year Vegetables<\/em><br \/>\nMarika Haustein, <em>Mashed Potatoes<\/em><br \/>\nNika Jaworowska, <em>Tomatoes &amp; Aubergine Jenga<\/em><br \/>\nHannah Lee Miller, <em>Pitta Bread<\/em><br \/>\nMia L\u00f6b, <em>Fennel and Beluga<\/em><br \/>\nVerena Muckel, <em>Filled Vine Leaves<\/em><br \/>\nMilena Simeonova, <em>Soda Bread<\/em><\/p>\n<p><strong>DESERTS<\/strong><br \/>\nEwa Baran, <em>Emergency Cake<\/em><br \/>\nGeorgina Chadderton, <em>Maryanne\u2019s Beet &amp; Carrot Cake<\/em><br \/>\nNatalia Go\u015bciniak, <em>Muffinmonster<\/em><br \/>\nAdi Hollander, <em>Oma\u2019s Chocolate Cake<\/em><br \/>\nNika Jaworowska, <em>Pears with Linseed &amp; Coconut Milk Cream<\/em><br \/>\nNika Jaworowska, <em>Pecan Cake<\/em><br \/>\nAleksandra J\u0119drzejewska, <em>How to Make a Brownie<\/em><br \/>\nNicolas Krizan, <em>Ice Cream Comics<\/em><br \/>\nAgata Kr\u00f3lak, <em>Kogiel Mogiel<\/em><br \/>\nMansilla Leandro Armando, Sebasti\u00e1n Mercau, <em>Some Old Flavour<\/em><br \/>\nIvana Min\u00e1\u0159ov\u00e1, <em>Vegan Coconut Chocolate Balls<\/em><br \/>\nJulia M\u00fcller, <em>Grannys Chocolat Muffins<\/em><br \/>\nKatarzyna Ruci\u0144ska, <em>Pancake<\/em><br \/>\nJennifer Van De Sandt, <em>Chocolate Mousse<\/em><br \/>\nAgnieszka \u015awi\u0119tek, <em>Apple Pie<\/em><br \/>\nKatarzyna Urbaniak, <em>Pancakes with Chocolate and Raspberry Mousse<\/em><br \/>\nVan Laer Jo, <em>Belgian Waffles<\/em><br \/>\nCurcija Vina, <em>Strukli<\/em><br \/>\nMaria Zdulska, <em>Apple Pie<\/em><br \/>\nKarolina Zieleniewska, <em>Carrot Cake<\/em><\/p>\n<p><strong>DRINKS<\/strong><br \/>\nAnna Dowsland, <em>Nettle Beer<\/em><br \/>\nEwa Godlewska, <em>Parsley Juice<\/em><br \/>\nPol Guillen, <em>Vermouth Soda and Sun<\/em><br \/>\nAleksandra J\u0119drzejewska, <em>Lemonade<\/em><br \/>\nMartina Laser, <em>The Cooking Buddha<\/em><br \/>\nEwa Maczy\u0144ska, S<em>ailor\u2019s Bold Remedy for Cold<\/em><br \/>\nKatarzyna Ruci\u0144ska, <em>Black Dahlia<\/em><br \/>\nPaulina Skowron, <em>Raspberry Drink<\/em><\/p>\n<p><strong>ABSTRACTS<\/strong><br \/>\nJoanna Elantkowska-Bia\u0142ek, <em>Breakfast for Twiggy<\/em><br \/>\nRomek Gajewski, <em>\u201ePho\u201d Soup<\/em><br \/>\nGrzegorz Janusz, Tomasz Niewiadomski, <em>Feast for Two<\/em><br \/>\nMaja Starakiewicz, <em>Distimmed Doshes<\/em><br \/>\nJoanna Witek, <em>Futurist Cooking<\/em><br \/>\nMarta Zdulska, <em>Persian Love Cake<\/em><\/p>\n","protected":false},"excerpt":{"rendered":"<p>Over 90 comics recipes<\/p>\n","protected":false},"featured_media":981,"comment_status":"open","ping_status":"closed","template":"","meta":{"_acf_changed":false},"product_brand":[],"product_cat":[22],"product_tag":[114,15,113,112],"series":[],"class_list":{"0":"post-980","1":"product","2":"type-product","3":"status-publish","4":"has-post-thumbnail","6":"product_cat-comics-and-graphic-novels","7":"product_tag-anthology","8":"product_tag-centrala","9":"product_tag-cookbook","10":"product_tag-cooking","12":"first","13":"instock","14":"shipping-taxable","15":"purchasable","16":"product-type-simple"},"acf":[],"_links":{"self":[{"href":"https:\/\/centrala.org.uk\/centrala_test\/wp-json\/wp\/v2\/product\/980","targetHints":{"allow":["GET"]}}],"collection":[{"href":"https:\/\/centrala.org.uk\/centrala_test\/wp-json\/wp\/v2\/product"}],"about":[{"href":"https:\/\/centrala.org.uk\/centrala_test\/wp-json\/wp\/v2\/types\/product"}],"replies":[{"embeddable":true,"href":"https:\/\/centrala.org.uk\/centrala_test\/wp-json\/wp\/v2\/comments?post=980"}],"wp:featuredmedia":[{"embeddable":true,"href":"https:\/\/centrala.org.uk\/centrala_test\/wp-json\/wp\/v2\/media\/981"}],"wp:attachment":[{"href":"https:\/\/centrala.org.uk\/centrala_test\/wp-json\/wp\/v2\/media?parent=980"}],"wp:term":[{"taxonomy":"product_brand","embeddable":true,"href":"https:\/\/centrala.org.uk\/centrala_test\/wp-json\/wp\/v2\/product_brand?post=980"},{"taxonomy":"product_cat","embeddable":true,"href":"https:\/\/centrala.org.uk\/centrala_test\/wp-json\/wp\/v2\/product_cat?post=980"},{"taxonomy":"product_tag","embeddable":true,"href":"https:\/\/centrala.org.uk\/centrala_test\/wp-json\/wp\/v2\/product_tag?post=980"},{"taxonomy":"series","embeddable":true,"href":"https:\/\/centrala.org.uk\/centrala_test\/wp-json\/wp\/v2\/series?post=980"}],"curies":[{"name":"wp","href":"https:\/\/api.w.org\/{rel}","templated":true}]}}