{"id":1281,"date":"2016-09-01T21:12:44","date_gmt":"2016-09-01T19:12:44","guid":{"rendered":"http:\/\/centrala.org.uk\/pl\/?post_type=product&#038;p=1281"},"modified":"2016-10-04T15:46:51","modified_gmt":"2016-10-04T13:46:51","slug":"eryk-rudy-opowiesc-zimowa","status":"publish","type":"product","link":"https:\/\/centrala.org.uk\/pl\/sklep\/eryk-rudy-opowiesc-zimowa\/","title":{"rendered":"Eryk Rudy. Opowie\u015b\u0107 zimowa"},"content":{"rendered":"<p>W roku 982 Eryk Thorwaldsson, znany r\u00f3wnie\u017c jako Eryk Rudy, opu\u015bci\u0142 Islandi\u0119 w nast\u0119pstwie krwawej wa\u015bni z s\u0105siadami. Wyruszy\u0142 na poszukiwanie tajemniczej wyspy na p\u00f3\u0142nocy. Wysp\u0119 t\u0119 odnalaz\u0142 i nazwa\u0142 Greenlandi\u0105 \u201eZielon\u0105 Krain\u0105\u201d w nadziei, \u017ce wielu ludzi pod\u0105\u017cy za nim. Dzi\u0119ki podarunkom i przekupstwom sprawowa\u0142 w\u0142adze nad p\u00f3\u0142nocn\u0105 koloni\u0105, z dala od chrze\u015bcija\u0144skich ksi\u0119\u017cy i kr\u00f3l\u00f3w do pocz\u0105tku 1000 roku.<\/p>\n<p style=\"text-align: center\">1.<br \/>\n(Odyn:)<br \/>\n\u201eCzy by\u0142 to sen?<br \/>\nZbudzi\u0142em si\u0119 przed \u015bwitem:<br \/>\nBy przygotowa\u0107 Walhall\u0119<br \/>\nNa t\u0142umy poleg\u0142ych;<br \/>\nZbudzi\u0142em einherjer\u00f3w,<br \/>\nRzek\u0142em im, by wstali,<br \/>\nNakryli \u0142awy,<br \/>\nPrzep\u0142ukali rogi.<br \/>\nWino godne kr\u00f3l\u00f3w<br \/>\nwalkirie nie\u015b\u0107 mia\u0142y.\u201d<br \/>\n2.<br \/>\n(Odyn:)<br \/>\n\u201eMy\u015bl\u0119, \u017ce szlachetni wodzowie<br \/>\nz Midgardu nadejd\u0105<br \/>\nPorusza to mego ducha<br \/>\nI raduje me serce!\u201d<\/p>\n<p style=\"text-align: center\">3.<br \/>\n(Odyn:)<br \/>\n\u201eBragi! C\u00f3\u017c to za huk?<br \/>\nCzy\u017cby tysi\u0105ce ludzi<br \/>\nDobija\u0142o si\u0119 do drzwi?\u201d<\/p>\n<p style=\"text-align: center\">(Bragi:)<br \/>\n\u201e\u015aciany trzeszcz\u0105;<br \/>\nczy to Balder powr\u00f3ci\u0142<br \/>\ndo siedziby Odyna?\u201d<\/p>\n<p style=\"text-align: center\">4.<br \/>\n(Odyn:)<br \/>\nNie b\u0105d\u017a g\u0142upcem,<br \/>\nBragi, m\u00f3j skaldzie,<br \/>\nwszak m\u0105dro\u015b\u0107 wielk\u0105 posiadasz:<br \/>\nten huk zwiastuje Eryka,<br \/>\nkr\u00f3l nadchodzi:<br \/>\ntu do siedziby Odyna!\u201d<br \/>\nWersety pochodz\u0105 z wiersza \u201eEir\u00edksm\u00e1l\u201d, utworu skald\u00f3w z XX w., s\u0142awi\u0105cego norweskiego kr\u00f3la Eryka Krwawego Topora, kt\u00f3ry \u017cy\u0142 p\u00f3\u0142 wieku przed Erykiem Rudym.<\/p>\n<div id='gallery-1' class='gallery galleryid-1281 gallery-columns-3 gallery-size-thumbnail'><figure class='gallery-item'>\n\t\t\t<div class='gallery-icon portrait'>\n\t\t\t\t<a href='https:\/\/centrala.org.uk\/pl\/?attachment_id=1283'><img loading=\"lazy\" decoding=\"async\" width=\"220\" height=\"295\" src=\"https:\/\/centrala.org.uk\/pl\/wp-content\/uploads\/sites\/2\/2016\/09\/ERYK_Rudy.jpg\" class=\"attachment-thumbnail size-thumbnail\" alt=\"\" srcset=\"https:\/\/centrala.org.uk\/pl\/wp-content\/uploads\/sites\/2\/2016\/09\/ERYK_Rudy.jpg 672w, https:\/\/centrala.org.uk\/pl\/wp-content\/uploads\/sites\/2\/2016\/09\/ERYK_Rudy-640x859.jpg 640w, https:\/\/centrala.org.uk\/pl\/wp-content\/uploads\/sites\/2\/2016\/09\/ERYK_Rudy-670x900.jpg 670w, https:\/\/centrala.org.uk\/pl\/wp-content\/uploads\/sites\/2\/2016\/09\/ERYK_Rudy-210x281.jpg 210w, https:\/\/centrala.org.uk\/pl\/wp-content\/uploads\/sites\/2\/2016\/09\/ERYK_Rudy-480x644.jpg 480w\" sizes=\"auto, (max-width: 220px) 100vw, 220px\" \/><\/a>\n\t\t\t<\/div><\/figure><figure class='gallery-item'>\n\t\t\t<div class='gallery-icon portrait'>\n\t\t\t\t<a href='https:\/\/centrala.org.uk\/pl\/?attachment_id=1284'><img loading=\"lazy\" decoding=\"async\" width=\"220\" height=\"295\" src=\"https:\/\/centrala.org.uk\/pl\/wp-content\/uploads\/sites\/2\/2016\/09\/ERYK_Rudy2-220x295.jpg\" class=\"attachment-thumbnail size-thumbnail\" alt=\"\" srcset=\"https:\/\/centrala.org.uk\/pl\/wp-content\/uploads\/sites\/2\/2016\/09\/ERYK_Rudy2-220x295.jpg 220w, https:\/\/centrala.org.uk\/pl\/wp-content\/uploads\/sites\/2\/2016\/09\/ERYK_Rudy2-640x859.jpg 640w, https:\/\/centrala.org.uk\/pl\/wp-content\/uploads\/sites\/2\/2016\/09\/ERYK_Rudy2-670x900.jpg 670w, https:\/\/centrala.org.uk\/pl\/wp-content\/uploads\/sites\/2\/2016\/09\/ERYK_Rudy2-210x281.jpg 210w, https:\/\/centrala.org.uk\/pl\/wp-content\/uploads\/sites\/2\/2016\/09\/ERYK_Rudy2-480x644.jpg 480w, https:\/\/centrala.org.uk\/pl\/wp-content\/uploads\/sites\/2\/2016\/09\/ERYK_Rudy2.jpg 672w\" sizes=\"auto, (max-width: 220px) 100vw, 220px\" \/><\/a>\n\t\t\t<\/div><\/figure><figure class='gallery-item'>\n\t\t\t<div class='gallery-icon portrait'>\n\t\t\t\t<a href='https:\/\/centrala.org.uk\/pl\/?attachment_id=1285'><img loading=\"lazy\" decoding=\"async\" width=\"220\" height=\"295\" src=\"https:\/\/centrala.org.uk\/pl\/wp-content\/uploads\/sites\/2\/2016\/09\/ERYK_Rudy3-220x295.jpg\" class=\"attachment-thumbnail size-thumbnail\" alt=\"\" srcset=\"https:\/\/centrala.org.uk\/pl\/wp-content\/uploads\/sites\/2\/2016\/09\/ERYK_Rudy3-220x295.jpg 220w, https:\/\/centrala.org.uk\/pl\/wp-content\/uploads\/sites\/2\/2016\/09\/ERYK_Rudy3-640x859.jpg 640w, https:\/\/centrala.org.uk\/pl\/wp-content\/uploads\/sites\/2\/2016\/09\/ERYK_Rudy3-670x900.jpg 670w, https:\/\/centrala.org.uk\/pl\/wp-content\/uploads\/sites\/2\/2016\/09\/ERYK_Rudy3-210x281.jpg 210w, https:\/\/centrala.org.uk\/pl\/wp-content\/uploads\/sites\/2\/2016\/09\/ERYK_Rudy3-480x644.jpg 480w, https:\/\/centrala.org.uk\/pl\/wp-content\/uploads\/sites\/2\/2016\/09\/ERYK_Rudy3.jpg 672w\" sizes=\"auto, (max-width: 220px) 100vw, 220px\" \/><\/a>\n\t\t\t<\/div><\/figure><figure class='gallery-item'>\n\t\t\t<div class='gallery-icon portrait'>\n\t\t\t\t<a href='https:\/\/centrala.org.uk\/pl\/?attachment_id=1286'><img loading=\"lazy\" decoding=\"async\" width=\"220\" height=\"295\" src=\"https:\/\/centrala.org.uk\/pl\/wp-content\/uploads\/sites\/2\/2016\/09\/ERYK_Rudy4-220x295.jpg\" class=\"attachment-thumbnail size-thumbnail\" alt=\"\" srcset=\"https:\/\/centrala.org.uk\/pl\/wp-content\/uploads\/sites\/2\/2016\/09\/ERYK_Rudy4-220x295.jpg 220w, https:\/\/centrala.org.uk\/pl\/wp-content\/uploads\/sites\/2\/2016\/09\/ERYK_Rudy4-640x859.jpg 640w, https:\/\/centrala.org.uk\/pl\/wp-content\/uploads\/sites\/2\/2016\/09\/ERYK_Rudy4-670x900.jpg 670w, https:\/\/centrala.org.uk\/pl\/wp-content\/uploads\/sites\/2\/2016\/09\/ERYK_Rudy4-210x281.jpg 210w, https:\/\/centrala.org.uk\/pl\/wp-content\/uploads\/sites\/2\/2016\/09\/ERYK_Rudy4-480x644.jpg 480w, https:\/\/centrala.org.uk\/pl\/wp-content\/uploads\/sites\/2\/2016\/09\/ERYK_Rudy4.jpg 672w\" sizes=\"auto, (max-width: 220px) 100vw, 220px\" \/><\/a>\n\t\t\t<\/div><\/figure><figure class='gallery-item'>\n\t\t\t<div class='gallery-icon portrait'>\n\t\t\t\t<a href='https:\/\/centrala.org.uk\/pl\/?attachment_id=1287'><img loading=\"lazy\" decoding=\"async\" width=\"220\" height=\"295\" src=\"https:\/\/centrala.org.uk\/pl\/wp-content\/uploads\/sites\/2\/2016\/09\/ERYK_Rudy5-220x295.jpg\" class=\"attachment-thumbnail size-thumbnail\" alt=\"\" srcset=\"https:\/\/centrala.org.uk\/pl\/wp-content\/uploads\/sites\/2\/2016\/09\/ERYK_Rudy5-220x295.jpg 220w, https:\/\/centrala.org.uk\/pl\/wp-content\/uploads\/sites\/2\/2016\/09\/ERYK_Rudy5-640x859.jpg 640w, https:\/\/centrala.org.uk\/pl\/wp-content\/uploads\/sites\/2\/2016\/09\/ERYK_Rudy5-670x900.jpg 670w, https:\/\/centrala.org.uk\/pl\/wp-content\/uploads\/sites\/2\/2016\/09\/ERYK_Rudy5-210x281.jpg 210w, https:\/\/centrala.org.uk\/pl\/wp-content\/uploads\/sites\/2\/2016\/09\/ERYK_Rudy5-480x644.jpg 480w, https:\/\/centrala.org.uk\/pl\/wp-content\/uploads\/sites\/2\/2016\/09\/ERYK_Rudy5.jpg 672w\" sizes=\"auto, (max-width: 220px) 100vw, 220px\" \/><\/a>\n\t\t\t<\/div><\/figure><figure class='gallery-item'>\n\t\t\t<div class='gallery-icon portrait'>\n\t\t\t\t<a href='https:\/\/centrala.org.uk\/pl\/?attachment_id=1288'><img loading=\"lazy\" decoding=\"async\" width=\"220\" height=\"295\" src=\"https:\/\/centrala.org.uk\/pl\/wp-content\/uploads\/sites\/2\/2016\/09\/ERYK_Rudy6-220x295.jpg\" class=\"attachment-thumbnail size-thumbnail\" alt=\"\" srcset=\"https:\/\/centrala.org.uk\/pl\/wp-content\/uploads\/sites\/2\/2016\/09\/ERYK_Rudy6-220x295.jpg 220w, https:\/\/centrala.org.uk\/pl\/wp-content\/uploads\/sites\/2\/2016\/09\/ERYK_Rudy6-640x859.jpg 640w, https:\/\/centrala.org.uk\/pl\/wp-content\/uploads\/sites\/2\/2016\/09\/ERYK_Rudy6-670x900.jpg 670w, https:\/\/centrala.org.uk\/pl\/wp-content\/uploads\/sites\/2\/2016\/09\/ERYK_Rudy6-210x281.jpg 210w, https:\/\/centrala.org.uk\/pl\/wp-content\/uploads\/sites\/2\/2016\/09\/ERYK_Rudy6-480x644.jpg 480w, https:\/\/centrala.org.uk\/pl\/wp-content\/uploads\/sites\/2\/2016\/09\/ERYK_Rudy6.jpg 672w\" sizes=\"auto, (max-width: 220px) 100vw, 220px\" \/><\/a>\n\t\t\t<\/div><\/figure>\n\t\t<\/div>\n\n","protected":false},"excerpt":{"rendered":"<p>Zainspirowana prawdziw\u0105 histori\u0105 zasiedlania Grenlandii opowie\u015b\u0107 o dzikiej P\u00f3\u0142nocy, mistrzowsko poprowadzona przez du\u0144skiego autora S\u00f8rena Mosdala.<\/p>\n","protected":false},"featured_media":1282,"comment_status":"closed","ping_status":"closed","template":"","meta":{"_acf_changed":false},"product_brand":[],"product_cat":[27,32],"product_tag":[9914,254,261,256,253],"series":[],"class_list":{"0":"post-1281","1":"product","2":"type-product","3":"status-publish","4":"has-post-thumbnail","6":"product_cat-powiesc-graficzna","7":"product_cat-komiks","8":"product_tag-centrala","9":"product_tag-greenlandia","10":"product_tag-islandia","11":"product_tag-soren-mosdal","12":"product_tag-wikingowie","14":"first","15":"instock","16":"shipping-taxable","17":"purchasable","18":"product-type-simple"},"acf":[],"_links":{"self":[{"href":"https:\/\/centrala.org.uk\/pl\/wp-json\/wp\/v2\/product\/1281","targetHints":{"allow":["GET"]}}],"collection":[{"href":"https:\/\/centrala.org.uk\/pl\/wp-json\/wp\/v2\/product"}],"about":[{"href":"https:\/\/centrala.org.uk\/pl\/wp-json\/wp\/v2\/types\/product"}],"replies":[{"embeddable":true,"href":"https:\/\/centrala.org.uk\/pl\/wp-json\/wp\/v2\/comments?post=1281"}],"wp:featuredmedia":[{"embeddable":true,"href":"https:\/\/centrala.org.uk\/pl\/wp-json\/wp\/v2\/media\/1282"}],"wp:attachment":[{"href":"https:\/\/centrala.org.uk\/pl\/wp-json\/wp\/v2\/media?parent=1281"}],"wp:term":[{"taxonomy":"product_brand","embeddable":true,"href":"https:\/\/centrala.org.uk\/pl\/wp-json\/wp\/v2\/product_brand?post=1281"},{"taxonomy":"product_cat","embeddable":true,"href":"https:\/\/centrala.org.uk\/pl\/wp-json\/wp\/v2\/product_cat?post=1281"},{"taxonomy":"product_tag","embeddable":true,"href":"https:\/\/centrala.org.uk\/pl\/wp-json\/wp\/v2\/product_tag?post=1281"},{"taxonomy":"series","embeddable":true,"href":"https:\/\/centrala.org.uk\/pl\/wp-json\/wp\/v2\/series?post=1281"}],"curies":[{"name":"wp","href":"https:\/\/api.w.org\/{rel}","templated":true}]}}

Eryk Rudy. Opowieść zimowa

<p>W roku 982 Eryk Thorwaldsson, znany również jako Eryk Rudy, opuścił Islandię w następstwie krwawej waśni z sąsiadami. Wyruszył na poszukiwanie tajemniczej wyspy na północy. Wyspę tę odnalazł i nazwał Greenlandią „Zieloną Krainą” w nadziei, że wielu ludzi podąży za nim. Dzięki podarunkom i przekupstwom sprawował władze nad północną kolonią, z dala od chrześcijańskich księży i królów do początku 1000 roku.</p>
<p style="text-align: center">1.<br />
(Odyn:)<br />
„Czy był to sen?<br />
Zbudziłem się przed świtem:<br />
By przygotować Walhallę<br />
Na tłumy poległych;<br />
Zbudziłem einherjerów,<br />
Rzekłem im, by wstali,<br />
Nakryli ławy,<br />
Przepłukali rogi.<br />
Wino godne królów<br />
walkirie nieść miały.”<br />
2.<br />
(Odyn:)<br />
„Myślę, że szlachetni wodzowie<br />
z Midgardu nadejdą<br />
Porusza to mego ducha<br />
I raduje me serce!”</p>
<p style="text-align: center">3.<br />
(Odyn:)<br />
„Bragi! Cóż to za huk?<br />
Czyżby tysiące ludzi<br />
Dobijało się do drzwi?”</p>
<p style="text-align: center">(Bragi:)<br />
„Ściany trzeszczą;<br />
czy to Balder powrócił<br />
do siedziby Odyna?”</p>
<p style="text-align: center">4.<br />
(Odyn:)<br />
Nie bądź głupcem,<br />
Bragi, mój skaldzie,<br />
wszak mądrość wielką posiadasz:<br />
ten huk zwiastuje Eryka,<br />
król nadchodzi:<br />
tu do siedziby Odyna!”<br />
Wersety pochodzą z wiersza „Eiríksmál”, utworu skaldów z XX w., sławiącego norweskiego króla Eryka Krwawego Topora, który żył pół wieku przed Erykiem Rudym.</p>
<div id='gallery-1' class='gallery galleryid-1281 gallery-columns-3 gallery-size-thumbnail'><figure class='gallery-item'>
			<div class='gallery-icon portrait'>
				<a href='https://centrala.org.uk/pl/?attachment_id=1283'><img loading="lazy" decoding="async" width="220" height="295" src="https://centrala.org.uk/pl/wp-content/uploads/sites/2/2016/09/ERYK_Rudy.jpg" class="attachment-thumbnail size-thumbnail" alt="" srcset="https://centrala.org.uk/pl/wp-content/uploads/sites/2/2016/09/ERYK_Rudy.jpg 672w, https://centrala.org.uk/pl/wp-content/uploads/sites/2/2016/09/ERYK_Rudy-640x859.jpg 640w, https://centrala.org.uk/pl/wp-content/uploads/sites/2/2016/09/ERYK_Rudy-670x900.jpg 670w, https://centrala.org.uk/pl/wp-content/uploads/sites/2/2016/09/ERYK_Rudy-210x281.jpg 210w, https://centrala.org.uk/pl/wp-content/uploads/sites/2/2016/09/ERYK_Rudy-480x644.jpg 480w" sizes="auto, (max-width: 220px) 100vw, 220px" /></a>
			</div></figure><figure class='gallery-item'>
			<div class='gallery-icon portrait'>
				<a href='https://centrala.org.uk/pl/?attachment_id=1284'><img loading="lazy" decoding="async" width="220" height="295" src="https://centrala.org.uk/pl/wp-content/uploads/sites/2/2016/09/ERYK_Rudy2-220x295.jpg" class="attachment-thumbnail size-thumbnail" alt="" srcset="https://centrala.org.uk/pl/wp-content/uploads/sites/2/2016/09/ERYK_Rudy2-220x295.jpg 220w, https://centrala.org.uk/pl/wp-content/uploads/sites/2/2016/09/ERYK_Rudy2-640x859.jpg 640w, https://centrala.org.uk/pl/wp-content/uploads/sites/2/2016/09/ERYK_Rudy2-670x900.jpg 670w, https://centrala.org.uk/pl/wp-content/uploads/sites/2/2016/09/ERYK_Rudy2-210x281.jpg 210w, https://centrala.org.uk/pl/wp-content/uploads/sites/2/2016/09/ERYK_Rudy2-480x644.jpg 480w, https://centrala.org.uk/pl/wp-content/uploads/sites/2/2016/09/ERYK_Rudy2.jpg 672w" sizes="auto, (max-width: 220px) 100vw, 220px" /></a>
			</div></figure><figure class='gallery-item'>
			<div class='gallery-icon portrait'>
				<a href='https://centrala.org.uk/pl/?attachment_id=1285'><img loading="lazy" decoding="async" width="220" height="295" src="https://centrala.org.uk/pl/wp-content/uploads/sites/2/2016/09/ERYK_Rudy3-220x295.jpg" class="attachment-thumbnail size-thumbnail" alt="" srcset="https://centrala.org.uk/pl/wp-content/uploads/sites/2/2016/09/ERYK_Rudy3-220x295.jpg 220w, https://centrala.org.uk/pl/wp-content/uploads/sites/2/2016/09/ERYK_Rudy3-640x859.jpg 640w, https://centrala.org.uk/pl/wp-content/uploads/sites/2/2016/09/ERYK_Rudy3-670x900.jpg 670w, https://centrala.org.uk/pl/wp-content/uploads/sites/2/2016/09/ERYK_Rudy3-210x281.jpg 210w, https://centrala.org.uk/pl/wp-content/uploads/sites/2/2016/09/ERYK_Rudy3-480x644.jpg 480w, https://centrala.org.uk/pl/wp-content/uploads/sites/2/2016/09/ERYK_Rudy3.jpg 672w" sizes="auto, (max-width: 220px) 100vw, 220px" /></a>
			</div></figure><figure class='gallery-item'>
			<div class='gallery-icon portrait'>
				<a href='https://centrala.org.uk/pl/?attachment_id=1286'><img loading="lazy" decoding="async" width="220" height="295" src="https://centrala.org.uk/pl/wp-content/uploads/sites/2/2016/09/ERYK_Rudy4-220x295.jpg" class="attachment-thumbnail size-thumbnail" alt="" srcset="https://centrala.org.uk/pl/wp-content/uploads/sites/2/2016/09/ERYK_Rudy4-220x295.jpg 220w, https://centrala.org.uk/pl/wp-content/uploads/sites/2/2016/09/ERYK_Rudy4-640x859.jpg 640w, https://centrala.org.uk/pl/wp-content/uploads/sites/2/2016/09/ERYK_Rudy4-670x900.jpg 670w, https://centrala.org.uk/pl/wp-content/uploads/sites/2/2016/09/ERYK_Rudy4-210x281.jpg 210w, https://centrala.org.uk/pl/wp-content/uploads/sites/2/2016/09/ERYK_Rudy4-480x644.jpg 480w, https://centrala.org.uk/pl/wp-content/uploads/sites/2/2016/09/ERYK_Rudy4.jpg 672w" sizes="auto, (max-width: 220px) 100vw, 220px" /></a>
			</div></figure><figure class='gallery-item'>
			<div class='gallery-icon portrait'>
				<a href='https://centrala.org.uk/pl/?attachment_id=1287'><img loading="lazy" decoding="async" width="220" height="295" src="https://centrala.org.uk/pl/wp-content/uploads/sites/2/2016/09/ERYK_Rudy5-220x295.jpg" class="attachment-thumbnail size-thumbnail" alt="" srcset="https://centrala.org.uk/pl/wp-content/uploads/sites/2/2016/09/ERYK_Rudy5-220x295.jpg 220w, https://centrala.org.uk/pl/wp-content/uploads/sites/2/2016/09/ERYK_Rudy5-640x859.jpg 640w, https://centrala.org.uk/pl/wp-content/uploads/sites/2/2016/09/ERYK_Rudy5-670x900.jpg 670w, https://centrala.org.uk/pl/wp-content/uploads/sites/2/2016/09/ERYK_Rudy5-210x281.jpg 210w, https://centrala.org.uk/pl/wp-content/uploads/sites/2/2016/09/ERYK_Rudy5-480x644.jpg 480w, https://centrala.org.uk/pl/wp-content/uploads/sites/2/2016/09/ERYK_Rudy5.jpg 672w" sizes="auto, (max-width: 220px) 100vw, 220px" /></a>
			</div></figure><figure class='gallery-item'>
			<div class='gallery-icon portrait'>
				<a href='https://centrala.org.uk/pl/?attachment_id=1288'><img loading="lazy" decoding="async" width="220" height="295" src="https://centrala.org.uk/pl/wp-content/uploads/sites/2/2016/09/ERYK_Rudy6-220x295.jpg" class="attachment-thumbnail size-thumbnail" alt="" srcset="https://centrala.org.uk/pl/wp-content/uploads/sites/2/2016/09/ERYK_Rudy6-220x295.jpg 220w, https://centrala.org.uk/pl/wp-content/uploads/sites/2/2016/09/ERYK_Rudy6-640x859.jpg 640w, https://centrala.org.uk/pl/wp-content/uploads/sites/2/2016/09/ERYK_Rudy6-670x900.jpg 670w, https://centrala.org.uk/pl/wp-content/uploads/sites/2/2016/09/ERYK_Rudy6-210x281.jpg 210w, https://centrala.org.uk/pl/wp-content/uploads/sites/2/2016/09/ERYK_Rudy6-480x644.jpg 480w, https://centrala.org.uk/pl/wp-content/uploads/sites/2/2016/09/ERYK_Rudy6.jpg 672w" sizes="auto, (max-width: 220px) 100vw, 220px" /></a>
			</div></figure>
		</div>

<p>Zainspirowana prawdziwą historią zasiedlania Grenlandii opowieść o dzikiej Północy, mistrzowsko poprowadzona przez duńskiego autora Sørena Mosdala.</p>
